+ 1439. Is n composite?
True
Let f(k) = -k**3 - 4*k**2 - 14*k - 11. Let w = 52 + -58. Is f(w) prime?
False
Suppose 0 = -r - r - 2*i - 54, -r + 4*i = 42. Is 5*3*(-212)/r prime?
False
Let s be (60 + 0)*(0 + 45/(-6)). Let b = s - -1589. Is b a composite number?
True
Let w(x) = x**2 - 6*x. Let j = -17 + 10. Let m be w(j). Let a = 180 - m. Is a a composite number?
False
Let b = 8919 - 4262. Is b a composite number?
False
Let s be -1 - 62/(-8) - (-39)/156. Is (8 + 21)/(1/s) a prime number?
False
Suppose -5*x - 7*x = 0. Let a(j) = 0*j**2 + j**2 - 5 + 58 + j. Is a(x) a prime number?
True
Suppose -49*r + 28276 = -327513. Is r a composite number?
True
Let f(c) = -c**2 - 13*c + 18. Let t be f(-14). Suppose t*r - 878 = -w, 3*w - 2634 = -r - 4*r. Suppose -3*n + w = -g - 45, -n - 4*g = -299. Is n prime?
True
Suppose 6*o = 3*o - 4*u, 3 = -u. Suppose -2*a = 3*h + 18, o*a - 3*h + 56 = h. Is a/(-8)*(38 - 0) a prime number?
False
Suppose 2*p + 6218 = 2*w, -4*p = 3*w - 2*p - 9352. Is 10*(w/12 - -1) a prime number?
False
Let a(u) = -5*u**3 - 35*u**2 + 2*u + 29. Is a(-15) a composite number?
False
Let f(u) = -1551*u**3 + 14*u**2 + 5*u + 1. Is f(-4) composite?
False
Let f(l) be the third derivative of 13*l**5/12 + l**3/2 - 2*l**2. Let x be -3 + 0 + (-4)/(-4). Is f(x) composite?
False
Suppose -l = -8*l + 3332. Suppose 110 + l = 2*f. Is f composite?
False
Suppose -4*o + 2288 = -4260. Is o prime?
True
Suppose -4*o - 4*w + 107536 = 0, 5*o + 2*w - 84186 = 50219. Is o a composite number?
False
Suppose 3*u = 2*k + 4497, -39*k - 7488 = -5*u - 38*k. Is u a prime number?
False
Let b(q) = 4*q + 3. Let t = -27 + 37. Is b(t) a prime number?
True
Let f be ((-212)/6)/((-10)/(-135)). Let v = f + 224. Is (-4)/(-22) - 105961/v composite?
False
Suppose -z + 971 = -392. Is z a composite number?
True
Let d(u) = 116*u**3 - 2*u**2 - 3*u + 7. Let l(w) = 115*w**3 - 3*w**2 - 3*w + 8. Let t(i) = 6*d(i) - 5*l(i). Is t(1) composite?
True
Suppose g = 0, -2*g - 1676 = -4*a + 3*g. Is a a prime number?
True
Let i(g) = 2935*g + 38. Is i(5) prime?
True
Suppose 1500 = -u + 6*u. Suppose 2*a - 189 = 3*a. Let g = u + a. Is g composite?
True
Suppose 3*i - 528 + 72 = 0. Let o = i + -647. Let u = -272 - o. Is u a composite number?
False
Suppose 492 = -2*y + 2*z, 4*y + 2*z - 4*z = -990. Is (-6)/(-7 + 4) - y a prime number?
True
Let m(v) = 83*v + 22. Let k be 16/6*24/16. Suppose 0 = -3*y - j + 24, -y = k*j - 3*j - 6. Is m(y) a prime number?
True
Suppose 5 = m - 0. Suppose 2 = -c + 4*a - m, 3*a = 9. Suppose 2*l + 3*z - 307 = 0, c*l - 742 = z - 0*z. Is l prime?
True
Let y(l) be the third derivative of l**6/120 + 7*l**5/30 + 3*l**4/8 - 5*l**3/6 - 3*l**2. Is y(-8) composite?
False
Suppose -8*r + 2949 + 1123 = 0. Is r a prime number?
True
Is 5/(80/24)*(-707048)/(-12) composite?
True
Suppose -3*o = -5*z + 14059, 4*o = -0*z - z + 2798. Let y = 5325 - z. Is y composite?
True
Let f = 90 - 94. Is ((-93)/12 + -3)*f a prime number?
True
Suppose 2*r + k = 6001, 5*r - 3*r - 5*k - 6019 = 0. Let f = r + -963. Is f composite?
False
Let r(h) = h**2 - 8*h + 3. Let q(a) = -2*a**2 + 8*a - 4. Let o(n) = 4*q(n) + 5*r(n). Let x be o(14). Let p = x - -1198. Is p a composite number?
True
Let h = 11009 + -7750. Is h composite?
False
Suppose 444 = -7*m + 11*m. Suppose -r = 3*b - 4*b + m, -114 = -b + 2*r. Suppose 0 = 5*p - 2 - b. Is p a composite number?
True
Let b(x) = 763*x**2 + 16*x - 13. Is b(8) a prime number?
True
Let y(q) be the first derivative of -118*q**2 - 7*q - 9. Is y(-3) prime?
True
Let d(g) = 27*g + 9. Let w(h) = 26*h + 8. Let f(a) = -7*d(a) + 6*w(a). Let v be f(12). Let x = v + 808. Is x composite?
False
Let x(p) = -p**3 - 4*p**2 - 2*p + 5. Let d be x(-5). Let r = 81 + -79. Suppose r*u = 3*f - d, 4*f - 22 - 35 = -u. Is f prime?
False
Let p(s) = -6*s + 7. Let g be p(-4). Let h = -112 + g. Let t = 206 - h. Is t prime?
False
Suppose 2*q - 10 = -3*q. Let j be 1 - (18/q - -3). Let v = j - -64. Is v a composite number?
False
Suppose 65221 = 3*b + t, 0 = -2*b - 2*b + 4*t + 86940. Is b composite?
False
Let d(t) = -t**3 + 10*t**2 - 7*t + 6. Let b be d(7). Suppose 0 = c + 3*n - 345, 4*c + 7*n - 2*n = 1380. Let a = c + b. Is a composite?
False
Suppose -2*x = -3*a - 31775, 11*a + 63545 = 4*x + 6*a. Is (3/1)/(24/x) a composite number?
True
Let r = 444 - 97. Let v = -186 + r. Is v a prime number?
False
Suppose 46 = -8*l + 62. Suppose 4*b + t = 9816, -t = -l*b - 6*t + 4926. Is b prime?
False
Is 11378 - (2 + (5 - 0)) a prime number?
False
Suppose -16*f - 4609 = -17*f. Is f a prime number?
False
Let i = 329 - -6280. Suppose -121*l + 118*l + i = 0. Is l a prime number?
True
Suppose r + x - 12607 = 0, -44286 + 6469 = -3*r - 4*x. Is r a prime number?
True
Is (10 + (14 - 25))/((-1)/2927) a prime number?
True
Let b(r) = -4*r**2 - 70*r + 41. Let l(x) = x**2 + 23*x - 14. Let k(z) = 2*b(z) + 7*l(z). Is k(14) composite?
True
Let w(v) = 19553*v**3 + 4*v**2 - 4*v. Is w(1) composite?
False
Let y(f) = f**2 + 3*f - 26. Let b be y(-6). Let v(d) = 7*d**2 + 13*d + 15. Is v(b) a prime number?
True
Is (-29626)/(-6) - (12/(-9))/(-2) composite?
False
Let y(l) = -l + 5. Let u be y(3). Let f(s) = 0*s**2 + s**u + 7*s + 7*s. Is f(-15) composite?
True
Let u(l) = 23928*l**2 - 6*l + 7. Is u(1) a prime number?
True
Let g = -16 - -18. Suppose -616 = -g*k + 2050. Let v = k - 626. Is v prime?
False
Let j be 3/(-9)*(4 - 1747). Let f = -340 + j. Let n = 546 - f. Is n composite?
True
Let x(q) = q - 11. Let g be x(11). Suppose 0 = -k - g + 7. Let w = k + 156. Is w prime?
True
Is (-1*307/(-2))/((-14)/(-196)) a composite number?
True
Let u = 12 + -15. Let l be 107 + 0/(9/u). Suppose 0 = -5*d - 2 + l. Is d prime?
False
Let j(h) = -4*h - 5*h**3 - 1 + 7*h**2 - h**2 + 3*h**3. Is j(-5) a prime number?
True
Suppose 2*o = 7*o - 40. Let v be (1678/8)/(2/o). Let m = -424 + v. Is m a composite number?
True
Let x = 2323 + 3062. Is x/7 - 4/14 prime?
True
Let h(c) = c**3 - 2*c**2 - 3*c + 4. Let p be h(3). Suppose 0 = p*d - 3*d - 3. Suppose -d*b + 129 = -0*b. Is b composite?
False
Let m = 413 - -5144. Is m composite?
False
Suppose -79*t = -16*t - 1680273. Is t composite?
True
Is 2308/(-9 - -5)*(1 - 38) composite?
True
Let o = -19 - -23. Let n(y) = 92*y - 5. Let k be n(o). Suppose -2*d - 3923 = -4*p + k, 2*p + d = 2149. Is p composite?
True
Suppose -3*f + 4*c + 16 = 1, 5*f + c - 25 = 0. Suppose u + f*v = -6, 2*u + 2*v = 4*u. Is 123/4 - u/4 a prime number?
True
Let g be (-1)/(4/(-80)) + -3. Let l = 23 - g. Suppose -l*p + 161 = -5*p. Is p prime?
False
Suppose -4*g = 5*a - 45, -4*g + 30 = g + a. Suppose g*l = 6*l - 1907. Is l prime?
True
Is (-1 - -2) + 376/1 prime?
False
Suppose -3*d + 4*m + 24 = m, -4*d = 4*m. Let p(j) = 9*j**3 - 7*j**2 + 7*j - 3. Is p(d) composite?
True
Let b be (-87)/(-27) + -3 - 3910/18. Let v = 177 - b. Is v composite?
True
Let w(v) = v**3 - 3*v**2 - 4*v - 3. Let t be w(4). Is 2/(-2) - (0 - (-7722)/t) a prime number?
False
Let m(i) = -i - 9. Let g(a) = -1. Let w(b) = -5*g(b) + m(b). Let l be w(0). Is (130/l)/(4/(-8)) a prime number?
False
Let l(z) be the second derivative of -z**5/5 - 5*z**4/12 - z**3/3 + 3*z**2 - 25*z. Is l(-5) composite?
True
Let p be 1 + 1 - 10/(-1). Let o be (573/12)/(3/p). Suppose n + 2*n = 2*t - 382, 2*n + o = t. Is t prime?
True
Suppose 0 = -28*l + 7*l + 210777. Is l composite?
False
Suppose 0 = -5*h + 5*c + 30, 4*h - 7 = c + 5. Suppose 0 = h*u - 2, 4*y + 0*u - 16446 = -2*u. Is y composite?
False
Let v = -3599 + 6598. Is v prime?
True
Let q = -2892 - -4725. Let r = -262 + q. Is r a composite number?
False
Let y be (-203)/3*(4/(-2) - 13). Is (y - 9)*(-2)/(-4) prime?
True
Is 17655 + (-14)/(-1 - 6) prime?
True
Let j(t) = -t**2 + 2 + 1 - 17*t - 3 + 1. Is j(-10) a composite number?
False
Suppose -2*s - 3*d - 15 = -3*s, -1 = -d. Is s/12*-2*-109 prime?
False
Let t(a) = 56*a**2 + 12*a + 6. Is t(-13) a prime number?
False
Suppose c = -247 - 97. Let x = c - -190. Let j = 47 - x. Is j a composite number?
True
Suppose 31*m - 33*m = -6898. Is m composite?
False
Let o be (-3*(-3)/(-9))/(1/(-521)). Suppose -l = -5*n - o, -n = -l - 4*n + 553. Is l composite?
False
Suppose -2*h + 1326 = -3*w - w, 5*h - 3340 = 5*w. Suppose -584 - h = -3*a. Is a a prime number?
True
Let v = 3772 - 2663. Is v a composite number?
False
Suppose 10820 = m + 9*m. Is m a composite num